 h(3).
2
Suppose -3 = -r - 8. Let n(o) be the third derivative of o**6/120 + o**5/15 - o**4/3 - 5*o**3/6 - 17*o**2. What is n(r)?
10
Let w(c) be the second derivative of -c**3/6 - c**2 + c. Determine w(0).
-2
Let i(f) = 37*f - 11. Let m(d) = 7*d - 2. Let n(h) = -2*i(h) + 11*m(h). Calculate n(-1).
-3
Let t(n) be the third derivative of n**5/60 - n**4/6 + n**3/6 - n**2. Let y be 4/(-10) + 17/5. What is t(y)?
-2
Let d = 12 + -7. Let q(f) be the first derivative of -f**5/120 - f**4/4 + f**3 + 1. Let m(a) be the third derivative of q(a). What is m(d)?
-11
Let d(m) = 6*m**2 - 88*m + 27*m + 30*m + 24*m - 2 - m**3. Calculate d(5).
-12
Let l(a) = 13*a + 3. Let w(n) = 4*n + 1. Let u(j) = 2*l(j) - 7*w(j). Calculate u(-1).
1
Let l(j) = j**2 + 4*j + 2. Let s = 15 + -11. Suppose s*m - 9 = m. Let b be (1 + -3 + 1)*m. Calculate l(b).
-1
Let j(w) be the third derivative of -w**4/6 + w**3/2 + 21*w**2. Calculate j(3).
-9
Suppose h - 13 = 4*q, -3*q + 2*h - 31 = -3*h. Let k(z) = -5*z - 2. Determine k(q).
8
Let o(k) = k + 1. Suppose 0 = 2*b + 15 + 15. Let m = b + 20. Calculate o(m).
6
Let d(h) = -392*h**2 - 6 + 783*h**2 - 392*h**2 + 7*h. What is d(5)?
4
Suppose -4*t - 3 - 13 = 0. Let p = 1 + 1. Let n(m) = 0*m**p + 3*m - m**2 + 5 - 5*m. Calculate n(t).
-3
Let l(c) = -10*c**2 + 8*c - 5. Let a(h) = 3*h**2 - 3*h + 2. Let x(t) = -7*a(t) - 2*l(t). Let i be 2/2 - (-12 + 0). Suppose -3 = 2*q - i. What is x(q)?
-4
Suppose 0*z - 12 = -2*z. Let u(b) = 2*b + 3. Let m(y) = y + 2. Let s(t) = -5*m(t) + 3*u(t). What is s(z)?
5
Let a = -15 + 47. Let i(g) = -g + 32 - a. Calculate i(-2).
2
Let a(v) = -3*v - 4. Let u be (1 - -1)/((-6)/(-33)). Suppose -3*t = r - 7, u = 5*t + r + r. Calculate a(t).
-13
Let n(c) = c**2 + 5*c + 6. Let g(s) = -4*s + 4. Let h be g(5). Let b be h/7 - (-4)/14. Let u be b - 0 - 6/3. Give n(u).
2
Let t(d) be the third derivative of d**4/24 - 5*d**3/6 + d**2. Let w(l) = l**2 - 7*l + 10. Suppose 6*u - 30 = u. Let a be w(u). Give t(a).
-1
Let s(c) be the first derivative of c**3/3 + 2*c**2 + c - 19. What is s(-4)?
1
Let l(x) = -x**2 - 4*x + 4. Let k be l(-4). Suppose 3*b - b - 10 = 2*q, -5*b = q + 5. Let a(t) = b + t**2 - 5*t + 0 - 1. Determine a(k).
-5
Let w(x) = x**2 + 3*x - 33. Let s be w(-7). Let p(q) = 9*q**2 + 6*q + 1. Let g(l) = 4*l**2 + 3*l. Let c(b) = -7*g(b) + 3*p(b). Determine c(s).
-7
Let j(c) = c**3 + 4*c**2 + 3*c + 1. Let k(i) = 1. Let l(z) = j(z) + 2*k(z). Determine l(-4).
-9
Let o(f) = -f + 5. Let d(x) = -3*x + 42. Let t be d(12). What is o(t)?
-1
Let t be (-1)/1 + 1 + 1. Let h be 4 - (-2 + t)*-2. Let z(q) = -h*q - 2*q + 5*q - q**2. Determine z(1).
0
Let l = 8 - 1. Let k = l + -11. Let u(b) = 3*b + 3. Calculate u(k).
-9
Suppose 3*q = -6 + 3. Let m = -3 + 3. Let x = m + q. Let t(o) = -o**2 + 1. Calculate t(x).
0
Let b(m) = m**2 + 3*m - 1. Let n(p) = -p**2 + 2. Let u be n(-2). What is b(u)?
-3
Suppose -3*m = -2*f - 8, 0 = m - 6*m - f - 4. Let a(o) = -o - 4*o**2 + 4*o**2 + 2 + m - o**2. Calculate a(-4).
-10
Let u be ((-6)/(-21))/((-5)/(-35)). Let q(b) = -4*b**2 - 4*b + 3. Determine q(u).
-21
Let c be (2/(-2))/(2/(-8)). Suppose 5*k - 2*g = -0*g + 18, 0 = 2*k + c*g + 12. Let o(p) = k + 0*p - 3 + 3*p - p. Calculate o(4).
7
Let u(c) = -3*c**3. Let n(v) = -2*v + 11. Let t be n(5). What is u(t)?
-3
Let m be 5 - 64/12 - 10/(-3). Let f(s) be the third derivative of -7/6*s**m - 2*s**2 - 1/24*s**4 + 1/120*s**6 - 1/60*s**5 + 0*s + 0. Calculate f(0).
-7
Suppose 2*d - 16 = -2*w, w - 5*d + 1 = -15. Suppose -2*b - 5*v + 5 = 0, 0 = -w*b + 2*v - 32 + 6. Let o(n) = -n**2 - 3*n + 6. Calculate o(b).
-4
Suppose 2*l + 55 = 5*b, -3*l + 11 = b - 0*l. Let z = b + -16. Let w(p) = -p - 1. Let x(s) = 4. Let k(c) = 2*w(c) - x(c). Calculate k(z).
4
Let o(c) = -6*c**2 - 10*c**2 - 7 + 4*c + 17*c**2. Give o(-6).
5
Let o(z) = -3*z**3 + 17*z**2 - 8*z - 14. Let n(l) = l**3 - 6*l**2 + 3*l + 5. Let h(c) = 11*n(c) + 4*o(c). What is h(3)?
-7
Let h(f) = f + 1. Let q = 12 + -6. Let k(c) be the first derivative of -c**3/3 + 2*c**2 + 8*c + 10. Let i be k(q). What is h(i)?
-3
Let p be -5*(6/10 - 1). Suppose -p = o - 2*o. Suppose o*j + 2 = 3*j. Let u(b) = -3*b**2 + 3*b - 1. Give u(j).
-7
Let n(u) = u**3 + 2*u**2 + 3*u + 4. Let y(z) = 2*z**3 + 3*z**2 + 5*z + 7. Let w(s) = 5*n(s) - 3*y(s). What is w(2)?
-5
Suppose 27 = -4*x + x. Let z = x + 9. Let g(m) = -m**3 - 4*m**2 - 3*m - 9. Let v(r) = -2*r**3 - 7*r**2 - 5*r - 18. Let l(p) = -7*g(p) + 4*v(p). What is l(z)?
-9
Let v(m) = -m - 5. Let h(q) be the second derivative of -q**4/12 - 5*q**3/3 - 3*q**2 + 4*q. Let s be h(-10). Give v(s).
1
Suppose 5*d = 2*b + 43, -2*b - b = 2*d - 2. Let k(c) = 2 + 5*c - 6*c + 4 + 0. Calculate k(d).
-1
Let m = 3 + -3. Suppose 0 = -2*h - h - 3*c - 9, -5*c - 25 = m. Let n(f) = -3*f**2 + 2. Give n(h).
-10
Let i(u) = 25*u**2 - 41*u - 7 + 35*u - 26*u**2. What is i(-5)?
-2
Suppose -3*s + s + v = -8, 5*s = -v + 13. Let b(w) = 2*w**3 + 1 - 3*w**3 + 2*w**2 + 3*w**s - 2*w - 3*w**3. Let x(g) = -g - 1. Let p be x(-3). What is b(p)?
-3
Suppose 0 = -4*a - 4. Let q(b) = -9*b - 1. Determine q(a).
8
Suppose 12*l = -7 - 5. Let j(u) = -21*u**3 - 2*u**2 + 1. Give j(l).
20
Let z = -83 + 86. Let s(a) be the second derivative of -4/3*a**z + 0 - 4*a - 1/12*a**4 - 7/2*a**2. What is s(-6)?
5
Suppose -5*y + 4 + 6 = 0. Suppose -y*j = -3*j + 4. Let u(n) = -1 - j + 0 + n. Give u(4).
-1
Let v(x) = -x - 508*x**3 + 13 + 509*x**3 + 13. Determine v(0).
26
Let r(j) = j**3 + 6*j**2 - 6*j + 5. Let c be r(-7). Let u = 5 + c. Let n(v) = v**3 - 4*v**2 + 4*v - 1. Determine n(u).
2
Let r = -9 + 10. Let w(b) = 3*b + 2*b + 11*b**3 + r - 4*b. Determine w(-1).
-11
Let x be (-3)/(-9) + (-16)/(-6). Suppose 4*v - x*v + 4 = 0. Let s(i) = i**2 + 4*i - 5. Calculate s(v).
-5
Let l(y) = -y**3 - 4*y**2 - y. Suppose -2*j + 0 = -6. Suppose d = -j*d - 16. What is l(d)?
4
Let a be ((-3)/(-18))/((-1)/(-3)). Let b(m) be the second derivative of -m + 0*m**4 - 1/5*m**5 + 0 + 0*m**3 + a*m**2. What is b(-1)?
5
Let w be (-2)/(-9) + (-170)/(-45). Suppose 0 = 5*y - w*y. Let j(b) = b + 8. Determine j(y).
8
Let j(y) = y + 2. Let g be j(3). Let u(d) = d**2 - 8*d + 6. Give u(g).
-9
Let y = 31 + -11. Suppose -5*l = -0*l + y. Let q(t) = -t**2 - 6*t + 4. Let x(f) = -1. Let m(p) = -q(p) - 6*x(p). Calculate m(l).
-6
Let v(h) be the second derivative of -h**7/2520 + h**6/180 + h**5/40 + h**4/4 + 2*h. Let z(q) be the third derivative of v(q). Calculate z(5).
-2
Suppose -41 = -5*p - 4*c, 0 = -p + 2*p + 5*c - 25. Suppose 0 = 4*g - 3*o - 29, 8 + 7 = -5*o. Let k(u) = -u**2 - 2*u**2 + 5 - 2 + g*u + 2*u**2. Give k(p).
3
Let j be (-2)/(-2)*40/5. Let v be 4/j*(1 - 1). Let n(p) = -p**2 - p + 6. What is n(v)?
6
Let v = 4 - 4. Let a(o) = -2*o**3 + 2*o**2 - 1 + 3*o**3 - 3*o + v*o**3. Calculate a(-2).
5
Let m(u) = -u**3 - 5*u**2 - 6*u - 2. Let o(i) = -2*i - 2. Let p be o(-2). Suppose -p*n - 12 = n. Determine m(n).
6
Let a(w) = w**2 - 7*w + 3. Suppose -4*x = x - 15. Let r be 2*(0 + x + 1). Suppose 0 = -4*z - 5*k + 2, -3*k - r - 7 = -3*z. What is a(z)?
-9
Let u(d) = d**3 + 5*d**2 + 3*d - 3. Let s(c) = c**2 + 5*c + 4. Let o be s(-4). Suppose -r - 9 = -4*r. Suppose o*l - l - r = 0. Determine u(l).
6
Let m be (-3)/(-6) + 3/2. Let p(w) = -w + 2. Let z(f) = f - 1. Let t(g) = 5*g - 7. Let i(o) = t(o) - 3*z(o). Let r(s) = 6*i(s) + 11*p(s). What is r(m)?
0
Let o(m) = -2*m**2 + m + 1. Let r be -7 + 4 - 3*-1. Let l = r - -2. What is o(l)?
-5
Let v(q) = -3*q**3 + q. Let s be v(1). Let a = 5 + s. Let w(t) = -2*t**2 + 2*t + 4. Give w(a).
-8
Let i = 1 - 3. Let z(c) be the first derivative of -c**4/4 + 2*c**3/3 + c**2 + 3*c + 4. Give z(i).
15
Suppose -25 = -l + 6*l. Let h(s) be the first derivative of -s**3/3 - 3*s**2/2 - 4*s + 7. Let x(j) be the first derivative of h(j). Determine x(l).
7
Let u(o) = 7*o - 1. Suppose 4*n - 4*i = -24, -2*n + 3*i - 8 = 3. Let b = 8 + n. Calculate u(b).
6
Let m(b) = b + 0 + 8 - 5. Give m(6).
9
Suppose -12 = -5*y + 2*y + 2*i, -i - 27 = -5*y. Let a(m) = -m**2 + 4*m - 2. Let w(k) = -3*k**2 + 11*k - 5. Let r(n) = -7*a(n) + 2*w(n). Determine r(y).
4
Let n = 58 + -63. Let r(i) = -2*i - 6. Give r(n).
4
Let v(c) = -5*c**2 - 5*c + 5. Let f(q) = -6*q**2 - 5*q + 5. Suppose -z + 6*z - 25 = 0. Let s(m) = z*v(m) - 4*f(m). Let u = 3 - 8. Calculate s(u).
5
Let y(r) = -4*r + 2. Let x(h) = -h**3 + h**2 - 1. Let 